)?
-4
What is the value of -15 + 22 - ((-8 - -8) + -2)?
9
40 + (-7 - 26) + (-12 - -1)
-4
Evaluate -36 + (24 - 39 - -32).
-19
What is (20 - 6) + 3 + -8?
9
Calculate (13 - (-1 + 7 + 42)) + 14.
-21
9 - 2 - ((33 - (12 + -6)) + -5)
-15
1 + 7 + 0 - (-10 + -2 - -12)
8
What is the value of (-11 - -24) + -12 - (0 - -2 - 11)?
10
What is -20 - (-9 - (10 - 12))?
-13
-3 + 26 - ((1 - 17) + 22)
17
43 + (-6 - 2) - (-5 - (-14 - -4))
30
Evaluate -9 + (1 - -3) - (9 + -5 - -3).
-12
What is 30 + -12 + (-15 - -1)?
4
Evaluate 33 + (19 - 46 - -17).
23
What is (-18 + -40 - -53) + (0 - 5)?
-10
Evaluate 1 + 1 + (2 - 10) + (-53 - -61).
2
Calculate (-11 - -6) + 11 - 10 - -6.
2
2 + 14 + (-14 - 14)
-12
(9 - 50) + 3 + 44
6
-23 + 1 + 24 + 14
16
What is 14 + -12 + (2 - (23 + -11))?
-8
Calculate (0 - -48) + (339 - 369).
18
Calculate 6 - -8 - (-1 + 4).
11
What is the value of -2 + -2 - (-10 + (-18 - -8 - -9))?
7
Evaluate -13 - ((-5 - 12) + -4 + -19).
27
What is -26 + (-19 - -15 - -20)?
-10
(17 - (32 + (-12 - -6))) + 41
32
2 + -9 + 13 + -4 - -3
5
-14 - (-1 + (28 - 21))
-20
What is the value of (-4 - 3 - -5 - 2) + -2?
-6
Evaluate 2 + (-26 - -21 - -14).
11
What is -1 + 3 - (-1 + (6 - -1) + -11)?
7
What is the value of 7 + -7 - (14 + -26 - (-4 - -1))?
9
Calculate -132 + 262 - 131 - (26 + 1 - 0).
-28
Evaluate 6 + (-10 + -9 - (-15 - -6)).
-4
Calculate -9 + 12 + 3 + -1 - (8 + -15).
12
Evaluate 6 + 2 + (-4 - -3) + 27 - 3.
31
Evaluate -25 + 5 - (-2 + (4 - 8)).
-14
-41 - -37 - (-1 - -11 - 1)
-13
Evaluate 13 - (17 + -2) - (-12 + 2).
8
-11 - (11 - (-11 - (-3 - 30)))
0
Calculate 36 + (4 - (1 + 13)) - 10.
16
Calculate 5 + 0 - (-56 + 79) - -3.
-15
Evaluate (-2 - -4) + (-680 - -680) + (-44 - 0).
-42
Evaluate 3 - 44 - 0 - (-579 + 575).
-37
(21 - (17 - -9)) + 15
10
Calculate -12 + -11 + -4 - (-9 + (4 - 2)).
-20
Calculate (-3 - -6) + -27 + 28 + 0 + 1.
5
What is the value of 2 + (133 - 143) + 10 + -1 + 29?
30
Calculate -6 + 3 + 3 - 5 - 10.
-15
What is the value of (-8 - (-49 - -38)) + (3 - 2 - 2)?
2
What is the value of -27 + 15 - -7 - 3?
-8
-13 + (0 - -18) + -8 + 11
8
Calculate (-2 - -18 - 3) + (16 - 21).
8
What is 112 + -85 - (-3 - -32)?
-2
Evaluate (-18 - -27) + -15 + -5.
-11
Calculate (379 - 360) + -19 + 0.
0
Evaluate -9 + (23 - 9) - -5 - (4 + -4).
10
-2 - (-6 - -8 - 3 - 4)
3
What is 18 - 0 - (168 - 155)?
5
What is -23 + (19 - 49 - -75)?
22
Calculate (-2 - 17) + 97 + -102.
-24
Evaluate 4 + 7 - (-52 - -62) - -25.
26
Evaluate 37 + (-3 - (-21 + 50)).
5
What is 4 + -4 - (38 - 32)?
-6
What is -22 - (-5 - (26 - 14))?
-5
What is the value of (-6 - -13) + (0 + 3 - (2 - -2))?
6
What is 12 - 1 - (-76 + 83) - 11?
-7
Calculate ((-4 - -5) + -4 - -3) + -20 + 30.
10
Calculate (-2 - -1) + (-13 - -17 - -1).
4
What is the value of (14 + -10 - -1) + 7 + 1?
13
Evaluate -2 + 1 + 0 + -5 + (0 - -3).
-3
Evaluate 10 + (-26 - (8 + -24 + 10)).
-10
Calculate -108 + 106 + (0 - (2 + -4 + -21)).
21
Calculate 18 + -32 - (-21 - 4).
11
What is the value of -6 - ((7 + -14 - -7) + -10)?
4
(3 + -16 - (-14 - -7)) + -18
-24
What is -5 - (-28 + 12 + 3)?
8
What is -8 + 16 + (-4 - 3) + (3 - -16)?
20
What is -245 - -254 - (-19 - -1)?
27
Evaluate (12 - 4) + (-1 - -5) + (7 - 1).
18
What is 0 + -1 + (13 + -20 - (-8 + 1))?
-1
Evaluate 1 + (-5 - (-8 + 5)) + 10 - 6.
3
Calculate 11 + 0 - (-1 + -10 + 93 + -56).
-15
-3 + (-1 + -10 + 7 - -2)
-5
What is 3 + (9 + -11 - 7) + 47?
41
What is the value of (2 - 5 - -11) + -3 - (-1 - 3)?
9
27 + (0 + 1 + -9 - -16)
35
What is 25 + -18 + (-3 + 6 - 10)?
0
Calculate -11 + 5 - (-34 + 43).
-15
What is -7 + (-5 + -7 + 9 - -1)?
-9
Evaluate 6 + (2 - (-12 - (8 - 7 - 4))).
17
What is 754 + -760 + (1 + -2 - -33) - -3?
29
What is (15 - (7 - -6)) + (1 - (-7 + 2))?
8
32 + -30 + (-3 - (-5 + -8))
12
Calculate -4 + -8 + 12 - (2 - -2).
-4
-24 + 10 - -14 - 8 - (-2 + -1)
-5
Calculate (-4 - (1 + (10 - 8))) + (-7 - -3).
-11
Calculate (5 - -3) + -7 + 6 + -6.
1
What is (-2 - 9) + 17 + -2 + -15?
-11
Calculate 1 - -5 - (104 - 79).
-19
What is the value of 3 + (-8 - -1 - (130 + -136))?
2
What is 15 + -1 + 636 + -642?
8
Evaluate -15 - (3 - 3) - (119 + -123).
-11
What is (6 - 3) + -6 - (17 + -20)?
0
-12 + 14 - (-5 + 6) - 7
-6
Evaluate 4 + -22 + 31 - (12 - 1).
2
Calculate 10 - 13 - (-9 + 1 + 2).
3
Evaluate 28 - (44 + -1 + -20).
5
What is the value of -4 - (-18 - (14 - 8 - 3))?
17
What is the value of -7 + -2 - ((-10 - -73) + -54)?
-18
Calculate 8 + -2 + -1 - ((3 - 28) + 26).
4
What is ((10 - 8) + -2 - -7) + 2 + -2?
7
1 + -1 - (-9 + (-8 - (-4 + -10)))
3
What is 39 + -3 - (42 + -18)?
12
Calculate -34 + (-19 - -41) - (-1 + -6).
-5
Calculate (-7 - -4) + -14 + (18 - 0).
1
Calculate -2 + (97 - 105) + -6 + -1.
-17
What is the value of (20 - 8 - 27) + (0 - 6) + 2?
-19
What is the value of (0 - -17) + (-648 - -634)?
3
Evaluate 0 - ((-7 - (-1 + -5)) + 4) - -1.
-2
What is the value of -12 + 11 + 4 + -5?
-2
12 + 0 + -22 + 16 - (24 + 2)
-20
Evaluate (-2 - 1) + -1 - (-16 - -6).
6
-18 + (-9 - -15) + 5
-7
What is -32 - (-5 - (34 + -9))?
-2
What is the value of -1 - 2 - (2 + 0 - (-19 - -27))?
3
Evaluate -5 + 5 + (-3 + (0 - -3) - 10).
-10
What is (25 + -16 - -25) + -22?
12
Calculate -3 + (3 - 14) - (107 + -117).
-4
Evaluate (1 - (-2 + -6)) + -11 + 8.
6
What is (5 + -11 + 12 - 4) + 9?
11
What is the value of -46 + 2 + (295 - 260)?
-9
Evaluate 8 - -1 - (2 - -9 - (-112 + 111)).
-3
Calculate (-1 - -1) + 8 + 81 + -78.
11
Calculate (-8 - 2) + 7 + 1 + -12.
-14
Evaluate -80 + 80 - (1 - 17).
16
3 - (32 - -2) - (-148 - -135)
-18
Evaluate 95 - 94 - (3 - 11) - (1 + 0).
8
What is the value of (-9 - 1) + (42 - -6) + -59?
-21
Calculate 2 - -6 - 17 - (3 - 6).
-6
What is -10 + (0 - 2) - (-8 - (-10 + 5))?
-9
Evaluate (-8 - 1) + (-20 - -24) - -15.
10
Evaluate 0 - 0 - (13 + 0 + (386 - 383)).
-16
What is -18 + -1 + -16 + 2 + 24?
-9
Calculate -47 + 23 + 23 + -23 + 2 + 2.
-20
Calculate 107 - 120 - (-8 - 0 - -1).
-6
What is 0 + -8 - (-12 - (-41 - -26))?
-11
What is the value of -8 - (7 + 1 - (24 + -15 + 6))?
-1
Evaluate -23 + 73 + 10 + -32.
28
What is 7 + -14 + 11 + -8?
-4
8 + (-2 - 1 - (11 - 14))
8
Calculate -4 - (27 + (-6 - -1) + -16 + 8).
-18
Calculate (-2 - -4) + -3 + -11 + 2.
-10
Evaluate (5 - (5 + 31)) + 17.
-14
Calculate -420 + 425 + (0 - -2) + -21.
-14
(9 + 25 - 30) + -8
-4
What is -11 - 1 - (-2093 - -2094)?
-13
Evaluate (8 + -17 - -3 - -2) + (2 - -8).
6
Evaluate 43 + -48 - (-3 - (-2 - (3 + -1))).
-6
-8 + 19 + 9 + 5
25
What is the value of (-14 - (-20 + 14)) + (-1 - 2) + 33?
22
What is 1 + (3 - (-20 + -3)) - (-27 + 33)?
21
What is 13 - (50 - (16 - 5) - 2)?
-24
What is -13 - (0 + 11 + -164 + 120)?
20
What is the value of (-15 - -9) + 1 - -18 - 6?
7
What is 7 + (2 - (4 - (-1 - 7)))?
-3
Calculate 5 - (-7 + 3 + 2 + (3 - -3)).
1
What is -8 + (10 - 8 - -6 - (-19 + 30))?
-11
What is 8 + (-10 - (5 - 11)) - 12?
-8
What is the value of 20 + -25 + 17 - (-4 - (1 + 0))?
17
Evaluate -23 + (-9 + 0 - -8).
-24
Evaluate -26 - -43 - (4 - -7).
6
Calculate -3 + (-5 - (-24 + 8)).
8
What is (-1 - (4 - 8)) + (-18 - -25)?
10
32 - 15 - (17 - 1)
1
16 - -13 - (3 - -47)
-21
Calculate -3 - (-18 - -10) - (-8 + 5 + 4).
4
What is -10 + 21 + 29 + -45?
-5
Evaluate (2 - 1) + 21 + (-1640 - -1637).
19
Calculate (-4 - -3 - 0) + (-10 - -8) + 4.
1
Calculate -1 + 20 + -25 + (2 - (0 - -1)).
-5
Evaluate -7 - 6 - 6 - -9.
-10
What is the value of (1 - 5) + 5 + -4 - 3?
-6
What is -4 + 0 - (-12 - (-3 + 1))?
6
What is the value of 1 + -11 - (-118 + 87)?
21
4 - -19 - (45 - 15)
-7
Evaluate -17 + 34 - (21 - -3).
-7
Evaluate (-20 + 12 - (3 - 11)) + 14 + -11.
3
Calculate (-4 - 1) + (7 - (4 - -4 - -3)).
-9
What is -25 + 26 + (0 + 3 - -5)?
9
What is 16 - (-3 - -10 - (-17 + (26 - -1)))?
19
(-12 - (0 - 1)) + (-648 - -649)
-10
Evaluate 63 + -67 + 5 + 18.
19
What is (-2 - -1) + -31 - (548 + -560)?
-20
Evaluate -2 + 1 + 1 - 3.
-3
Evaluate 19 - 9 - (7 + (-3 - -9)).
-3
Calculate -7 - (5 - 4) - (-9 - -9).
-8
What is -27 + (11 - (4 - (7 - -1)))?
-12
Evaluate -4 - (-11 + 0) - (1 - -3) - 7.
-4
What is (18 - (-6 - -17) - 16) + (4 - 0)?
-5
What is the value of 14 + (-27 - 1) + -10 - -18?
-6
-3 + 2 + -57 + 34
-24
Calculate -11 + 22 - ((-3 - 0) + 6).
8
-17 - (0 + -16 + 33) - -10
-24
3 - 16 - (3 - 1) - -33
18
What is the value of (7 - -5) + -19 + 15?
8
Calculate -20 - (2 - 0) - (-104 + 101).
-19
-24 + (59 - 11) - 29
-5
What is -7 + (5